*p**2 + 18*p - 78. What is c(9)?
3
Let m(v) = -v + 12. Calculate m(-4).
16
Let t(h) = -2*h + 19. What is t(12)?
-5
Let o(l) = -l**2 - 56*l - 611. Give o(-41).
4
Let k(x) = -3*x**2 + 5*x + 9. Determine k(6).
-69
Let t(x) = 2*x**2 + 3*x - 6. What is t(2)?
8
Let l(u) = -43*u + 4. What is l(1)?
-39
Let p(x) = -x**2 + 2*x. Determine p(4).
-8
Let c(k) = -k - 14. Determine c(-9).
-5
Let s(j) = -j**3 - 10*j**2 - 15*j - 2. What is s(-9)?
52
Let x(s) = -s**2 - 33*s + 113. What is x(-36)?
5
Let n(b) = b**2 + 12*b - 23. What is n(-14)?
5
Let d(y) = y**2 - 12*y - 34. Calculate d(14).
-6
Let f(t) = -4*t**2 + 4*t - 1. Give f(2).
-9
Let v(p) = 44*p + 11. Calculate v(2).
99
Let v(b) = 4*b**3 - 2*b**2 + 6*b - 6. Determine v(1).
2
Let m(t) = 3*t**3 + 14*t**2 + 27*t + 7. Determine m(-2).
-15
Let m(j) = j**3 + 7*j**2 - 18*j - 1. Give m(-9).
-1
Let t(u) = 3*u**2 - 76*u - 53. Determine t(26).
-1
Let p(h) = -87*h - 260. Give p(-3).
1
Let v(q) = 29*q + 696. Calculate v(-24).
0
Let a(i) = i**2 - 7*i. Give a(6).
-6
Let k(x) = -2*x**2 + 3*x - 3. Give k(2).
-5
Let a(p) = -5*p**3 + 24*p**2 + 7*p - 16. Calculate a(5).
-6
Let v(x) = x**2 - 8*x + 11. Give v(3).
-4
Let b(d) = 6*d + 41. What is b(-14)?
-43
Let p(d) = 2*d**2 - 12*d + 3. What is p(6)?
3
Let a(t) = -5*t**3 + 2*t**2 + 5*t - 7. Calculate a(2).
-29
Let j(k) = -7*k - 39. Give j(-14).
59
Let i(m) = m**3 + 7*m**2 - 11*m - 1. Calculate i(-9).
-64
Let t(c) = c**3 - 6*c**2 - 3*c + 2. Calculate t(6).
-16
Let w(n) = -n**3 + 19*n**2 - 34*n + 3. Calculate w(17).
3
Let k(v) = -v**3 - 4*v**2 + v + 7. Determine k(-3).
-5
Let i(q) = -7*q + 7. What is i(-4)?
35
Let s(b) = -b**3 - 10*b**2 - 12*b + 10. Give s(-8).
-22
Let x(c) = -c**2 - 9*c - 21. Calculate x(-6).
-3
Let h(q) = q**2 - 8*q + 22. Give h(6).
10
Let h(d) = d**2 + 1. Determine h(-3).
10
Let x(z) = 3*z**2 + 4*z + 1. Calculate x(-4).
33
Let z(b) = b**3 + 10*b**2 - 7*b + 18. What is z(-8)?
202
Let a(y) = y - 1. Determine a(-7).
-8
Let w(z) = -4*z + 58. Calculate w(14).
2
Let q(v) = 20*v**3 + 1. Give q(1).
21
Let d(o) = 3*o + 44. What is d(-15)?
-1
Let s(q) = -4*q - 7. Give s(7).
-35
Let i(s) = -61*s - 1163. Calculate i(-19).
-4
Let r(m) = m**2 - 11*m + 34. What is r(5)?
4
Let n(f) = -f**3 + 3*f**2 - f + 5. What is n(3)?
2
Let u(y) = y**2 + 6*y. What is u(-6)?
0
Let m(p) = 2*p**2 - 43*p - 16. Determine m(22).
6
Let z(d) = d**2 + 6*d - 4. What is z(-7)?
3
Let h(y) = -y**2 - 2*y + 29. What is h(8)?
-51
Let p(s) = s**2 - 4*s - 8. Determine p(4).
-8
Let x(f) = 15*f - 133. Give x(9).
2
Let q(h) = -h**2 - 16*h + 4. What is q(-16)?
4
Let s(w) = 11*w**2 + 4*w - 1. What is s(2)?
51
Let l(k) = 8*k**2 - 6*k + 4. Determine l(1).
6
Let v(h) = h**3 - 32*h**2 - h + 9. Calculate v(32).
-23
Let s(h) = 3*h - 27. Give s(-11).
-60
Let r(m) = m**3 + 11*m**2 + 9*m - 11. Give r(-10).
-1
Let z(f) = -2*f**2 - 4*f + 10. Give z(-5).
-20
Let w(l) = 2*l + 24. Determine w(12).
48
Let f(o) = -o**3 - 31*o**2 - 2*o - 76. What is f(-31)?
-14
Let r(v) = 4*v**2 - 2. What is r(2)?
14
Let x(f) = -18*f + 57. Give x(2).
21
Let r(q) = 2*q**2 - 8*q - 10. What is r(7)?
32
Let a(f) = f**3 - 6*f**2 + 12*f - 10. What is a(4)?
6
Let m(t) = -t**3 - 6*t**2 + 3*t + 1. What is m(-6)?
-17
Let g(t) = -t**2 - 5*t + 2. Determine g(-6).
-4
Let s(i) = -17*i + 40. What is s(2)?
6
Let f(x) = 64*x - 1. What is f(2)?
127
Let l(b) = -b**2 - 8*b - 9. What is l(0)?
-9
Let l(c) = 15*c + 3. Calculate l(1).
18
Let d(t) = -t**2 - 3*t + 3. What is d(-5)?
-7
Let x(n) = n**3 - 21*n**2 + 19*n - 18. Determine x(20).
-38
Let b(s) = -s**3 + 3. What is b(2)?
-5
Let q(d) = -d**3 - 11*d**2 + 13*d - 24. Determine q(-12).
-36
Let c(i) = i**2 - 22*i - 25. What is c(23)?
-2
Let v(u) = -u**2 - 51*u - 51. What is v(-50)?
-1
Let c(b) = -2*b - 5. Give c(16).
-37
Let n(v) = v**3 - 12*v**2 - 30*v + 21. Determine n(14).
-7
Let t(r) = -5*r**2 + 22*r + 8. Determine t(4).
16
Let t(c) = 31*c**3 + 2*c**2 - 1. Determine t(-1).
-30
Let k(m) = -m**3 - 7*m**2 - 15*m + 4. Give k(-5).
29
Let c(h) = h**2 - 10*h - 4. Calculate c(8).
-20
Let q(f) = -4*f + 10. What is q(6)?
-14
Let a(l) = 2*l**2 - 11*l + 6. Give a(7).
27
Let z(n) = -91*n - 2. Calculate z(1).
-93
Let j(m) = -m**3 + 6*m**2 - m - 23. Calculate j(5).
-3
Let d(r) = 2*r**2 + 61*r - 260. Calculate d(4).
16
Let h(u) = u**2 - 26*u + 164. Give h(20).
44
Let s(y) = 2*y**2 + 10*y + 3. Determine s(-2).
-9
Let z(d) = 13*d + 18. Calculate z(-1).
5
Let m(s) = -2*s**3 - 5*s**2 - s + 6. Determine m(-2).
4
Let w(s) = 3*s - 6. Determine w(-6).
-24
Let t(b) = b**3 - 14*b**2 - 14*b - 2. What is t(15)?
13
Let t(j) = -j**3 - j**2 + 3*j - 1. Give t(3).
-28
Let d(a) = a**2 - 4*a - 22. Calculate d(-4).
10
Let b(c) = 39*c - 104. Determine b(3).
13
Let a(h) = 4*h + 23. What is a(-9)?
-13
Let i(j) = 2*j + 12. Determine i(-3).
6
Let k(v) = v**2 - 23*v - 38. What is k(26)?
40
Let r(z) = z**2 - 11*z - 4. Calculate r(12).
8
Let u(x) = -3*x**2 + 14*x + 9. Give u(5).
4
Let c(s) = s**3 - 3*s - 2. Give c(-1).
0
Let r(c) = -c**3 - 25*c**2 - 69*c - 39. What is r(-22)?
27
Let s(i) = i**3 + 8*i**2 - 3*i - 3. Give s(-8).
21
Let k(p) = -14*p - 20. What is k(10)?
-160
Let c(m) = m**2 + 35*m + 153. What is c(-30)?
3
Let o(r) = 2*r**3 + 4*r - 4. What is o(1)?
2
Let z(f) = -f**3 + 12*f**2 + 2*f - 14. Give z(12).
10
Let y(r) = r - 20. Give y(8).
-12
Let s(o) = o**2 + 9*o + 5. What is s(-6)?
-13
Let m(z) = 4*z**2 + 9*z + 8. Determine m(-2).
6
Let x(o) = -2*o - 25. What is x(-12)?
-1
Let f(a) = -3*a - 15. Give f(-6).
3
Let u(v) = 13*v**2 + 10*v + 1. Determine u(-2).
33
Let j(k) = -k**3 - 5*k**2 - 2*k - 5. Give j(-4).
-13
Let k(q) = 2*q**2 - 54*q + 68. What is k(26)?
16
Let p(y) = 3*y**2 - 5*y + 3. What is p(1)?
1
Let f(z) = -5*z + 27. Determine f(5).
2
Let c(y) = -y**3 - 19*y**2 + y + 20. Give c(-19).
1
Let r(f) = -3*f**3 + f**2 - 16*f + 33. Determine r(2).
-19
Let z(f) = 4*f - 8. What is z(-3)?
-20
Let n(t) = -8*t + 9. Determine n(9).
-63
Let l(q) = 2*q - 6. Determine l(0).
-6
Let y(n) = -3*n - 10. Give y(-4).
2
Let k(b) = b - 17. Determine k(-12).
-29
Let a(n) = -n**3 + 17*n**2 - 15*n - 28. Determine a(16).
-12
Let k(m) = m**3 - 14*m**2 + 13*m + 13. What is k(13)?
13
Let m(q) = q**3 - 12*q**2 - 29*q + 17. Calculate m(14).
3
Let z(g) = g**2 + 15*g + 4. Determine z(-14).
-10
Let f(q) = -q**2 - 11*q + 7. Give f(-10).
17
Let d(z) = 46*z - 331. Determine d(7).
-9
Let y(l) = 4*l + 14. Give y(-10).
-26
Let z(c) = 2*c - 6. What is z(5)?
4
Let n(r) = -10*r - 138. Give n(-15).
12
Let v(d) = -6*d**3 - d**2 + d. Determine v(1).
-6
Let d(v) = -2*v**2 - 37*v - 34. Calculate d(-18).
-16
Let c(l) = -69*l**2 + 3*l + 3. Determine c(-1).
-69
Let j(t) = -16*t - 2. Determine j(-3).
46
Let p(o) = 2*o - 17. Calculate p(7).
-3
Let i(o) = -2*o**3 - 3*o**2 - 3*o. Give i(-2).
10
Let z(n) = -n + 15. Give z(17).
-2
Let y(t) = -32*t + 374. Calculate y(12).
-10
Let n(a) = 16*a**3 + a**2 + 8*a + 6. Calculate n(-1).
-17
Let u(t) = t**3 - 4*t**2 - 12*t - 4. Determine u(6).
-4
Let y(z) = 4*z - 7. Determine y(6).
17
Let v(s) = s**3 + 5*s**2 + 8*s + 54. Give v(-5).
14
Let x(f) = -f**3 - 6*f**2 - 6*f - 4. Give x(-5).
1
Let d(l) = -l**3 - 2*l**2 + 5*l - 2. Calculate d(-4).
10
Let y(o) = 2*o**2 - 11*o - 13. Calculate y(6).
-7
Let q(p) = -p + 19. Determine q(0).
19
Let o(w) = -w**2 - w + 3. What is o(5)?
-27
Let i(u) = 3*u - 15. Give i(11).
18
Let u(n) = n**3 + 11*n**2 - n - 20. What is u(-10)?
90
Let s(j) = j**3 + 7*j**2 + 7*j. What is s(-6)?
-6
Let f(w) = w**2 - 6*w + 10. Give f(4).
2
Let d(i) = i**2 + 5*i + 2. Give d(4).
38
Let w(v) = 16*v + 226. Determine w(-17).
-46
Let w(x) = -x**3 + 3*x**2 + 9*x + 4. Give w(0).
4
Let l(z) = 4*z + 3. Give l(-4).
-13
Let w(b) = b**3 - 10*b**2 - 16*b + 37. Determine w(11).
-18
Let p(o) = -5*o**2 + 51*o - 15. Give p(10).
-5
Let z(o) = -o**3 + 2*o + 3. Calculate z(-2).
7
Let w(l) = l + 5. What is w(5)?
10
Let q(a) = -18*a - 58. Determine q(-4).
14
Let g(y) = 2*y - 8. Calculate g(-11).
-30
Let r(h) = -h**3 + 29*h**2 - 31*h + 67. Calculate r(28).
-17
Let o(f) = f**3 - f**2 - 2*f. Determine o(-2).
-8
Let p(j) = -j**2 + 73*j - 1085. What is p(21)?
7
Let g(c) = -2*c**2 - 12*c - 5. What is g(-5)?
5
Let y(z) = z**3 + 14*z**2 + 15*z - 19. Determine y(-13).
-45
Let q(p) = 2*p**2 - 21*p - 97. Calculate q(-4).
19
Let h(j) = -j**2 - 15*j - 17. What is h(-14)?
-3
Let z(n) 